{"id":493,"date":"2021-09-19T18:21:29","date_gmt":"2021-09-19T18:21:29","guid":{"rendered":"https:\/\/fitlifetest.eu\/?page_id=493"},"modified":"2021-12-20T17:59:47","modified_gmt":"2021-12-20T17:59:47","slug":"spordiklubi-fitlife-liikmelepingu-tingimused","status":"publish","type":"page","link":"https:\/\/fitlife.ee\/kuressaare\/spordiklubi-fitlife-liikmelepingu-tingimused\/","title":{"rendered":"Spordiklubi Fitlife liikmelepingu tingimused"},"content":{"rendered":"\t\t<div data-elementor-type=\"wp-page\" data-elementor-id=\"493\" class=\"elementor elementor-493\">\n\t\t\t\t\t\t\t\t\t<section class=\"elementor-section elementor-top-section elementor-element elementor-element-2effa47 elementor-section-boxed elementor-section-height-default elementor-section-height-default\" data-id=\"2effa47\" data-element_type=\"section\">\n\t\t\t\t\t\t\t<div class=\"elementor-background-overlay\"><\/div>\n\t\t\t\t\t\t\t<div class=\"elementor-container elementor-column-gap-default\">\n\t\t\t\t\t<div class=\"elementor-column elementor-col-100 elementor-top-column elementor-element elementor-element-650e13b\" data-id=\"650e13b\" data-element_type=\"column\">\n\t\t\t<div class=\"elementor-widget-wrap elementor-element-populated\">\n\t\t\t\t\t\t\t\t<div class=\"elementor-element elementor-element-bcdc027 elementor-widget elementor-widget-heading\" data-id=\"bcdc027\" data-element_type=\"widget\" data-widget_type=\"heading.default\">\n\t\t\t\t<div class=\"elementor-widget-container\">\n\t\t\t<style>\/*! elementor - v3.10.1 - 17-01-2023 *\/\n.elementor-heading-title{padding:0;margin:0;line-height:1}.elementor-widget-heading .elementor-heading-title[class*=elementor-size-]>a{color:inherit;font-size:inherit;line-height:inherit}.elementor-widget-heading .elementor-heading-title.elementor-size-small{font-size:15px}.elementor-widget-heading .elementor-heading-title.elementor-size-medium{font-size:19px}.elementor-widget-heading .elementor-heading-title.elementor-size-large{font-size:29px}.elementor-widget-heading .elementor-heading-title.elementor-size-xl{font-size:39px}.elementor-widget-heading .elementor-heading-title.elementor-size-xxl{font-size:59px}<\/style><h2 class=\"elementor-heading-title elementor-size-default\">Spordiklubi Fitlife liikmelepingu tingimused<\/h2>\t\t<\/div>\n\t\t\t\t<\/div>\n\t\t\t\t<div class=\"elementor-element elementor-element-d93c16c elementor-widget elementor-widget-text-editor\" data-id=\"d93c16c\" data-element_type=\"widget\" data-widget_type=\"text-editor.default\">\n\t\t\t\t<div class=\"elementor-widget-container\">\n\t\t\t<style>\/*! elementor - v3.10.1 - 17-01-2023 *\/\n.elementor-widget-text-editor.elementor-drop-cap-view-stacked .elementor-drop-cap{background-color:#818a91;color:#fff}.elementor-widget-text-editor.elementor-drop-cap-view-framed .elementor-drop-cap{color:#818a91;border:3px solid;background-color:transparent}.elementor-widget-text-editor:not(.elementor-drop-cap-view-default) .elementor-drop-cap{margin-top:8px}.elementor-widget-text-editor:not(.elementor-drop-cap-view-default) .elementor-drop-cap-letter{width:1em;height:1em}.elementor-widget-text-editor .elementor-drop-cap{float:left;text-align:center;line-height:1;font-size:50px}.elementor-widget-text-editor .elementor-drop-cap-letter{display:inline-block}<\/style>\t\t\t\t<p><b>1. Lepingu s\u00f5lmimine<\/b><\/p><p>Spordiklubi (edaspidi Klubi) ja Spordiklubi kasutaja (edaspidi Liige) s\u00f5lmivad liikmelepingu kirjalikul kujul klienditeeninduses v\u00f5i e-liitumise spordiklubi kodulehel www.fitlife.ee. Alla 18-aastase Liikme nimel s\u00f5lmib ja allkirjastab Lepingu tema seaduslikuks esindajaks olev lapsevanem v\u00f5i hooldaja, kes j\u00e4\u00e4b koos Liikmega Klubi ees solidaarselt vastutavaks k\u00f5ikide lepingus tulenevate Liikme kohustuste t\u00e4itmise eest. Privaatsustingimused ja liikmelepingu \u00fcldtingimused loetakse s\u00f5lmituks Klubi treeningpaketi ostmisega.<\/p><p><b>2. Klubi kasutamine<\/b><\/p><p>Liikmeleping ja kehtiv treeningpakett v\u00f5i perioodikaart on m\u00f5eldud personaalseks kasutamiseks ning treeningpaketi v\u00f5i perioodikaardi kasutus\u00f5iguse teisele isikule edasiandmine on keelatud, v.a. kui selles on eelnevalt Klubiga kirjalikult kokku lepitud. Oma treeningpaketi kasutus\u00f5iguse \u00fcleandmisel teisele isikule ilma kirjaliku kokkuleppeta toob kaasa trahvi.<\/p><p><b>3. Liitumistasu<\/b><\/p><p>Liitumistasu tuleb tasuda Lepingu s\u00f5lmimisel Klubi klienditeeninduses v\u00f5i spordiklubi kodulehel www.fitlife.ee. Liituja saab Klubi magnetkaardi (edaspidi Liikmekaart) ja interneti broneerimise tunnused. Magnetkaardi saab k\u00e4tte Klubi klienditeenindusest Liitumistasu maksumus on toodud hinnakirjas Klubi kodulehel.<\/p><p><b>4. Ostuprotsessi kirjeldus<\/b><\/p><p>Kui tellite teenuse e-liitumise kaudu meie kodulehelt tuleb esmalt valida v\u00e4lja sobiva asukohaga FitLife spordiklubi ning seej\u00e4rel leida sobivaim pakett \u201eVali pakett\u201c teenuste nimistust. Kui eelmainitud valikud tehtud, siis klikkida valikule \u201eAlustamise aeg\u201c ja m\u00e4rkida avanenud kalendrist meelep\u00e4rane kuup\u00e4ev treeningutega alustamiseks ning seej\u00e4rel asuda t\u00e4itma isikuandmete lahtreid. E-arvete edastamiseks tuleb valida e-arve maksekuup\u00e4ev, sisestada pangakontonumber, millele e-arved saadetakse ning valida panga nimi.<\/p><p>K\u00f5ik lahtrid tuleb t\u00e4ita korrektse infoga.<\/p><p>Valitud teenuse eest on v\u00f5imalik tasuda eurodes pangalingi kaudu v\u00f5i \u00fclekandega. P\u00e4rast ostu sooritamist edastatakse tellimuse kinnitus Kasutaja e-postile. Valides maksemeetodiks \u201eMaksa \u00fclekandega\u201c saadetakse Kasutajale hiljemalt 1 t\u00f6\u00f6p\u00e4eva jooksul arve e-postile, mille alusel saab tasuda nii \u00fclekandega kui ka Klubis kohapeal. Teenus aktiveerub 4 tunni jooksul peale makse laekumist.<\/p><p><span style=\"font-style: inherit; font-weight: inherit; caret-color: #000000;\">Makseid vahendab Maksekeskus AS.\u00a0<\/span><span style=\"font-family: Ubuntu, sans-serif; font-size: 16px; font-style: inherit; font-weight: inherit; caret-color: #000000;\">Eesti pangamaksed: Swedbank, SEB, Luminor, LHV, Coop Pank, Citadele, Pocopay. L\u00e4\u00e4ne Treeningud MT\u00dc on isikuandmete vastutav t\u00f6\u00f6tleja, L\u00e4\u00e4ne Treeningud MT\u00dc edastab maksete teostamiseks vajalikud isikuandmed volitatud t\u00f6\u00f6tleja Maksekeskus AS-ile.\u00a0<\/span><\/p><p><span style=\"font-style: inherit; font-weight: inherit; font-family: -apple-system, BlinkMacSystemFont, 'Segoe UI', Roboto, Oxygen-Sans, Ubuntu, Cantarell, 'Helvetica Neue', sans-serif;\">K\u00fcsimuste tekkimisel v\u00f5i pretensioonide korral p\u00f6\u00f6rduge meie klienditeeninduse poole telefoni teel +372 5563 4850 v\u00f5i edastage e-kiri kuressaare@fitlife.ee, mil Teile vastatakse 2 t\u00f6\u00f6p\u00e4eva jooksul.<\/span><\/p><p><b>5. Ostust taganemise kord<\/b><\/p><p>Ostust v\u00f5ib taganeda 14 p\u00e4eva jooksul ostu sooritamisest esitades vabas vormis avalduse aadressile kuressaare@fitlife.ee. Avalduses peab olema toodud ostu sooritaja ees- ja perekonnanimi, pangakontonumber, millelt ost sooritati ning ostusumma. Ostusumma tagastatakse 5 t\u00f6\u00f6p\u00e4eva jooksul peale avalduse saamist tingimusel, et Liige ei ole toodet v\u00f5i teenust tarbinud.<\/p><p><b>6<\/b><b>. Lepingu tingimuste muutmine<\/b><\/p><p>Klubi j\u00e4tab endale \u00f5iguse Lepingu tingimuste muutmiseks. Tingimuste muutumisest informeeritakse Liikmeid Lepingus s\u00e4testatud korras 30 p\u00e4eva enne muudatuste j\u00f5ustumist. Juhul, kui Liige leiab, et tema huvisid on Lepingu tingimuste muutmisega oluliselt kahjustatud, v\u00f5ib Liige 30-ne p\u00e4eva jooksul muudatuste teatamisest Lepingu erakorraliselt \u00fcles \u00f6elda informeerides sellest kirjalikult Klubi personali. Juhul, kui Liige ei ole Lepingut \u00fcles \u00f6elnud 30-ne p\u00e4eva jooksul peale Lepingu tingimuste muutmisest teavitamist, loetakse muutunud Lepingu tingimused Liikme poolt vastu v\u00f5etuks.<\/p><p><b>7. Klubi kodukord<\/b><\/p><p>Liige k\u00e4itub Klubis headele kommetele vastavalt ning suhtub Klubis asuvasse varasse heaperemehelikult. Klubis on keelatud oma tegevusega teisi h\u00e4irida. Kui Liige on broneerinud koha treeningusse ja ei saa treeningus osaleda, siis ta vabastab broneeringu hiljemalt 1h enne treeningu algust. T\u00fchistamata broneeringute eest on Klubil \u00f5igus trahvida Liiget p\u00e4evapileti rahalises v\u00e4\u00e4rtuses.<\/p><p><b>8. Lepingu maksepuhkus<\/b><\/p><p>Kliendil on \u00f5igus Liikmeleping peatada maksimaalselt 14-ks p\u00e4evaks (minimaalselt 7 p\u00e4eva korraga) kalendriaasta jooksul tasuta. Kasutajal on \u00f5igus Leping peatada mistahes p\u00f5hjusel vabalt valitud ajal maksimaalselt 60-ks p\u00e4evaks kalendriaasta jooksul kohatasu alusel, mis on m\u00e4\u00e4ratud klubi hinnakirjas. Kokkuleppe peatamise eelduseks on Kasutaja v\u00f5lgnevuse puudumine. Lepingu peatamiseks tuleb klubile esitada kirjalikus vormis avaldus. Lepingu peatamise korral pikeneb Lepingu kehtivuseaeg peatatud ajavahemiku v\u00f5rra. Kui lepingu peatamise kuup\u00e4evast on j\u00e4rgmise kokkuleppekohase makse tasumise t\u00e4htp\u00e4evani v\u00e4hem kui 10 (k\u00fcmme) p\u00e4eva, tuleb Kasutajal tasuda j\u00e4rgnev kuutasu kokkulepitud ulatuses ning Lepingu peatamise ajale vastav mahaarvamine tehakse j\u00e4rgmisest maksest. Klubil on \u00f5igus j\u00e4tta Lepingu l\u00f5petamist, muutmist v\u00f5i Treeningpuhkuse andmist puudutavad n\u00f5uetekohaselt vormistamata tahteavaldused t\u00e4helepanuta.<\/p><p><b>9. Kasutaja kontaktandmete, pangakonto numbri vms muutumine<\/b><\/p><p>Liige kohustub koheselt informeerima Klubi klienditeenindust oma nime, postiaadressi, pangakonto numbri, telefoni v\u00f5i e-postiaadressi muutumisest.saates sellekohase teate kuressaare@fitlife.ee aadressile.\u00a0\u00a0Teated ja muu kirjavahetus loetakse Liikmele k\u00e4tte toimetatuks, kui edastamisest on m\u00f6\u00f6dunud viis (5) kalendrip\u00e4eva.<\/p><p><b>10. Lepingu l\u00f5petamine ja pikenemine<\/b><\/p><p>Kokkuleppe l\u00f5petamise soovist tuleb Klubi teavitada ette v\u00e4hemalt 30 (kolmk\u00fcmmend) p\u00e4eva, edastades Klubile allkirjastatud avaldus. Kokkuleppe peatamise ajal ei ole v\u00f5imalik Lepingut l\u00f5petada.<\/p><p>\u00a0<\/p>\t\t\t\t\t\t<\/div>\n\t\t\t\t<\/div>\n\t\t\t\t\t<\/div>\n\t\t<\/div>\n\t\t\t\t\t\t\t<\/div>\n\t\t<\/section>\n\t\t\t\t\t\t\t<\/div>\n\t\t","protected":false},"excerpt":{"rendered":"<p>Spordiklubi Fitlife liikmelepingu tingimused 1. Lepingu s\u00f5lmimine Spordiklubi (edaspidi Klubi) ja Spordiklubi kasutaja (edaspidi Liige) s\u00f5lmivad liikmelepingu kirjalikul kujul klienditeeninduses v\u00f5i e-liitumise spordiklubi kodulehel www.fitlife.ee. Alla 18-aastase Liikme nimel s\u00f5lmib ja allkirjastab Lepingu tema seaduslikuks esindajaks olev lapsevanem v\u00f5i hooldaja, kes j\u00e4\u00e4b koos Liikmega Klubi ees solidaarselt vastutavaks k\u00f5ikide lepingus tulenevate Liikme kohustuste t\u00e4itmise eest. &hellip;<\/p>\n<p class=\"read-more\"> <a class=\"\" href=\"https:\/\/fitlife.ee\/kuressaare\/spordiklubi-fitlife-liikmelepingu-tingimused\/\"> <span class=\"screen-reader-text\">Spordiklubi Fitlife liikmelepingu tingimused<\/span> Read More &raquo;<\/a><\/p>\n","protected":false},"author":1,"featured_media":0,"parent":0,"menu_order":0,"comment_status":"closed","ping_status":"closed","template":"","meta":{"site-sidebar-layout":"no-sidebar","site-content-layout":"page-builder","ast-main-header-display":"","ast-hfb-above-header-display":"","ast-hfb-below-header-display":"","ast-hfb-mobile-header-display":"","site-post-title":"disabled","ast-breadcrumbs-content":"","ast-featured-img":"disabled","footer-sml-layout":"","theme-transparent-header-meta":"","adv-header-id-meta":"","stick-header-meta":"","header-above-stick-meta":"","header-main-stick-meta":"","header-below-stick-meta":"","footnotes":""},"class_list":["post-493","page","type-page","status-publish","hentry"],"yoast_head":"<!-- This site is optimized with the Yoast SEO plugin v20.0 - https:\/\/yoast.com\/wordpress\/plugins\/seo\/ -->\n<title>Spordiklubi Fitlife liikmelepingu tingimused - FitLife KURESSAARE<\/title>\n<meta name=\"robots\" content=\"index, follow, max-snippet:-1, max-image-preview:large, max-video-preview:-1\" \/>\n<link rel=\"canonical\" href=\"https:\/\/fitlife.ee\/kuressaare\/spordiklubi-fitlife-liikmelepingu-tingimused\/\" \/>\n<meta property=\"og:locale\" content=\"et_EE\" \/>\n<meta property=\"og:type\" content=\"article\" \/>\n<meta property=\"og:title\" content=\"Spordiklubi Fitlife liikmelepingu tingimused - FitLife KURESSAARE\" \/>\n<meta property=\"og:description\" content=\"Spordiklubi Fitlife liikmelepingu tingimused 1. Lepingu s\u00f5lmimine Spordiklubi (edaspidi Klubi) ja Spordiklubi kasutaja (edaspidi Liige) s\u00f5lmivad liikmelepingu kirjalikul kujul klienditeeninduses v\u00f5i e-liitumise spordiklubi kodulehel www.fitlife.ee. Alla 18-aastase Liikme nimel s\u00f5lmib ja allkirjastab Lepingu tema seaduslikuks esindajaks olev lapsevanem v\u00f5i hooldaja, kes j\u00e4\u00e4b koos Liikmega Klubi ees solidaarselt vastutavaks k\u00f5ikide lepingus tulenevate Liikme kohustuste t\u00e4itmise eest. &hellip; Spordiklubi Fitlife liikmelepingu tingimused Read More &raquo;\" \/>\n<meta property=\"og:url\" content=\"https:\/\/fitlife.ee\/kuressaare\/spordiklubi-fitlife-liikmelepingu-tingimused\/\" \/>\n<meta property=\"og:site_name\" content=\"FitLife KURESSAARE\" \/>\n<meta property=\"article:modified_time\" content=\"2021-12-20T17:59:47+00:00\" \/>\n<meta name=\"twitter:card\" content=\"summary_large_image\" \/>\n<meta name=\"twitter:label1\" content=\"Est. reading time\" \/>\n\t<meta name=\"twitter:data1\" content=\"3 minutit\" \/>\n<script type=\"application\/ld+json\" class=\"yoast-schema-graph\">{\"@context\":\"https:\/\/schema.org\",\"@graph\":[{\"@type\":\"WebPage\",\"@id\":\"https:\/\/fitlife.ee\/kuressaare\/spordiklubi-fitlife-liikmelepingu-tingimused\/\",\"url\":\"https:\/\/fitlife.ee\/kuressaare\/spordiklubi-fitlife-liikmelepingu-tingimused\/\",\"name\":\"Spordiklubi Fitlife liikmelepingu tingimused - FitLife KURESSAARE\",\"isPartOf\":{\"@id\":\"https:\/\/fitlife.ee\/kuressaare\/#website\"},\"datePublished\":\"2021-09-19T18:21:29+00:00\",\"dateModified\":\"2021-12-20T17:59:47+00:00\",\"breadcrumb\":{\"@id\":\"https:\/\/fitlife.ee\/kuressaare\/spordiklubi-fitlife-liikmelepingu-tingimused\/#breadcrumb\"},\"inLanguage\":\"et\",\"potentialAction\":[{\"@type\":\"ReadAction\",\"target\":[\"https:\/\/fitlife.ee\/kuressaare\/spordiklubi-fitlife-liikmelepingu-tingimused\/\"]}]},{\"@type\":\"BreadcrumbList\",\"@id\":\"https:\/\/fitlife.ee\/kuressaare\/spordiklubi-fitlife-liikmelepingu-tingimused\/#breadcrumb\",\"itemListElement\":[{\"@type\":\"ListItem\",\"position\":1,\"name\":\"Home\",\"item\":\"https:\/\/fitlife.ee\/kuressaare\/\"},{\"@type\":\"ListItem\",\"position\":2,\"name\":\"Spordiklubi Fitlife liikmelepingu tingimused\"}]},{\"@type\":\"WebSite\",\"@id\":\"https:\/\/fitlife.ee\/kuressaare\/#website\",\"url\":\"https:\/\/fitlife.ee\/kuressaare\/\",\"name\":\"FitLife KURESSAARE\",\"description\":\"Treeningud Sinule\",\"potentialAction\":[{\"@type\":\"SearchAction\",\"target\":{\"@type\":\"EntryPoint\",\"urlTemplate\":\"https:\/\/fitlife.ee\/kuressaare\/?s={search_term_string}\"},\"query-input\":\"required name=search_term_string\"}],\"inLanguage\":\"et\"}]}<\/script>\n<!-- \/ Yoast SEO plugin. -->","yoast_head_json":{"title":"Spordiklubi Fitlife liikmelepingu tingimused - FitLife KURESSAARE","robots":{"index":"index","follow":"follow","max-snippet":"max-snippet:-1","max-image-preview":"max-image-preview:large","max-video-preview":"max-video-preview:-1"},"canonical":"https:\/\/fitlife.ee\/kuressaare\/spordiklubi-fitlife-liikmelepingu-tingimused\/","og_locale":"et_EE","og_type":"article","og_title":"Spordiklubi Fitlife liikmelepingu tingimused - FitLife KURESSAARE","og_description":"Spordiklubi Fitlife liikmelepingu tingimused 1. Lepingu s\u00f5lmimine Spordiklubi (edaspidi Klubi) ja Spordiklubi kasutaja (edaspidi Liige) s\u00f5lmivad liikmelepingu kirjalikul kujul klienditeeninduses v\u00f5i e-liitumise spordiklubi kodulehel www.fitlife.ee. Alla 18-aastase Liikme nimel s\u00f5lmib ja allkirjastab Lepingu tema seaduslikuks esindajaks olev lapsevanem v\u00f5i hooldaja, kes j\u00e4\u00e4b koos Liikmega Klubi ees solidaarselt vastutavaks k\u00f5ikide lepingus tulenevate Liikme kohustuste t\u00e4itmise eest. &hellip; Spordiklubi Fitlife liikmelepingu tingimused Read More &raquo;","og_url":"https:\/\/fitlife.ee\/kuressaare\/spordiklubi-fitlife-liikmelepingu-tingimused\/","og_site_name":"FitLife KURESSAARE","article_modified_time":"2021-12-20T17:59:47+00:00","twitter_card":"summary_large_image","twitter_misc":{"Est. reading time":"3 minutit"},"schema":{"@context":"https:\/\/schema.org","@graph":[{"@type":"WebPage","@id":"https:\/\/fitlife.ee\/kuressaare\/spordiklubi-fitlife-liikmelepingu-tingimused\/","url":"https:\/\/fitlife.ee\/kuressaare\/spordiklubi-fitlife-liikmelepingu-tingimused\/","name":"Spordiklubi Fitlife liikmelepingu tingimused - FitLife KURESSAARE","isPartOf":{"@id":"https:\/\/fitlife.ee\/kuressaare\/#website"},"datePublished":"2021-09-19T18:21:29+00:00","dateModified":"2021-12-20T17:59:47+00:00","breadcrumb":{"@id":"https:\/\/fitlife.ee\/kuressaare\/spordiklubi-fitlife-liikmelepingu-tingimused\/#breadcrumb"},"inLanguage":"et","potentialAction":[{"@type":"ReadAction","target":["https:\/\/fitlife.ee\/kuressaare\/spordiklubi-fitlife-liikmelepingu-tingimused\/"]}]},{"@type":"BreadcrumbList","@id":"https:\/\/fitlife.ee\/kuressaare\/spordiklubi-fitlife-liikmelepingu-tingimused\/#breadcrumb","itemListElement":[{"@type":"ListItem","position":1,"name":"Home","item":"https:\/\/fitlife.ee\/kuressaare\/"},{"@type":"ListItem","position":2,"name":"Spordiklubi Fitlife liikmelepingu tingimused"}]},{"@type":"WebSite","@id":"https:\/\/fitlife.ee\/kuressaare\/#website","url":"https:\/\/fitlife.ee\/kuressaare\/","name":"FitLife KURESSAARE","description":"Treeningud Sinule","potentialAction":[{"@type":"SearchAction","target":{"@type":"EntryPoint","urlTemplate":"https:\/\/fitlife.ee\/kuressaare\/?s={search_term_string}"},"query-input":"required name=search_term_string"}],"inLanguage":"et"}]}},"_links":{"self":[{"href":"https:\/\/fitlife.ee\/kuressaare\/wp-json\/wp\/v2\/pages\/493","targetHints":{"allow":["GET"]}}],"collection":[{"href":"https:\/\/fitlife.ee\/kuressaare\/wp-json\/wp\/v2\/pages"}],"about":[{"href":"https:\/\/fitlife.ee\/kuressaare\/wp-json\/wp\/v2\/types\/page"}],"author":[{"embeddable":true,"href":"https:\/\/fitlife.ee\/kuressaare\/wp-json\/wp\/v2\/users\/1"}],"replies":[{"embeddable":true,"href":"https:\/\/fitlife.ee\/kuressaare\/wp-json\/wp\/v2\/comments?post=493"}],"version-history":[{"count":6,"href":"https:\/\/fitlife.ee\/kuressaare\/wp-json\/wp\/v2\/pages\/493\/revisions"}],"predecessor-version":[{"id":665,"href":"https:\/\/fitlife.ee\/kuressaare\/wp-json\/wp\/v2\/pages\/493\/revisions\/665"}],"wp:attachment":[{"href":"https:\/\/fitlife.ee\/kuressaare\/wp-json\/wp\/v2\/media?parent=493"}],"curies":[{"name":"wp","href":"https:\/\/api.w.org\/{rel}","templated":true}]}}